s j(t)?
-9
Let f(v) = -7*v + 16. Let g(l) = 7*l - 10. Let x(w) = -2*f(w) - 3*g(w). What is x(8)?
-58
Let r(s) = 5*s**3 + 3*s**2 + 3*s - 12. Let h(w) = -5*w**3 - 2*w**2 - 3*w + 10. Let t(v) = -6*h(v) - 5*r(v). Give t(2).
34
Let p(r) be the third derivative of r**5/60 + 2*r**4/3 + 5*r**3/3 - r**2 + 105. Calculate p(-15).
-5
Let z(j) = -j**3 + 13*j**2 - 10*j - 10. Let s be z(12). Let u be (-3)/4 - s/(-8). Let o(p) = -12*p**3 - 1. Determine o(u).
-13
Let r be (-7 - -10) + -1 - 16. Let y(p) = p**2 + 14*p + 9. Give y(r).
9
Let z = 130 + -257/2. Let r(p) be the second derivative of -1/12*p**4 + z*p**2 - 5/6*p**3 + 0 - 3*p. Calculate r(-6).
-3
Let b(d) be the first derivative of -d**5/60 - 7*d**4/24 - d**3/3 + 3*d**2/2 + d - 23. Let t(u) be the second derivative of b(u). Give t(-7).
-2
Suppose 5*l = 6*l - 5. Let g(k) = 3 - 6*k - 3*k + k**2 - l + 13. What is g(8)?
3
Let k(o) = o + 7. Let d be (-11)/7*-1 + (-9)/(-21). Let r(f) be the first derivative of f**3 - 2*f**2 + 2*f - 1. Let i be r(d). Give k(i).
13
Let c(g) = g - 2. Let v be c(-3). Let b(f) = 11*f**2 - 27*f - 18. Let a(u) = -20*u**2 + 51*u + 34. Let w(y) = -6*a(y) - 11*b(y). Determine w(v).
14
Let h(s) = -s - 20. Let d = 110 + -114. Let k be (-1 + d/(-6))*0. Determine h(k).
-20
Let x(o) = -o**2 + 8*o - 8. Let f(y) = y + 16. Let s be f(-13). Suppose -26 = -3*c + u - 3, -c + s*u + 21 = 0. Determine x(c).
4
Let c(d) = 3*d**2 - d. Suppose -s + y + 18 = 0, 5*y = 3*s - 9 - 49. Suppose -4*h - s = -3*k + 7*k, 0 = 4*k - 2*h - 2. Give c(k).
4
Let z(w) be the third derivative of -w**6/120 - w**5/10 - w**4/8 + w**3/2 + 43*w**2. Give z(-6).
21
Let u(g) = -g**3 + 2*g**2 + 4*g - 2. Let n = -41 + 41. Suppose 6*o - 2*o - 12 = n. What is u(o)?
1
Let k(d) = 2*d**2 + 8*d - 1. Let c = -127 + 121. Determine k(c).
23
Let a = -2 - -5. Let l(p) = p**2 + p**2 + 5 + a*p - p**2. Let k be -6*12/4*(-2)/(-9). Calculate l(k).
9
Suppose -2*q - 3*v = -0*v + 9, -9 = 3*v. Let g(b) = 0*b + 10 + 2*b**2 + 3*b + q*b - 8. Let y be 20/(-9) + (-2)/(-9). What is g(y)?
4
Suppose -326*k = -333*k + 112. Let x(p) = -p + 9. What is x(k)?
-7
Let f(b) = -13*b**2 + b. Let i be (4 + -4 + 1)/(-1). Give f(i).
-14
Let i = 11 - 3. Let j = 11 - i. Let q(u) = j*u + 5*u - 3*u - 4*u + 1. Give q(6).
7
Let y be (-25 - 7) + 0 + -1. Let d = y + 36. Let f(q) = -q**2 - 8*q - 7. Let b(z) = -4*z - 3. Let r(o) = 5*b(o) - 2*f(o). Give r(d).
5
Let r(a) = -15*a**3 - 5*a**2 + 13*a - 15. Let x(v) = -13*v**3 - 5*v**2 + 12*v - 14. Let m(z) = -6*r(z) + 7*x(z). Calculate m(-6).
-8
Let m(i) = -2*i**2 - 2*i + 1. Let y(u) = -7*u**2 - 6*u - 1. Let v(n) = 3*m(n) - y(n). Let d = -2 - -2. Calculate v(d).
4
Let p(f) be the first derivative of -f**6/360 + f**5/20 - f**4/12 - 4*f**3/3 + 1. Let v(a) be the third derivative of p(a). Let d = 14 + -9. What is v(d)?
3
Let y(s) = -2*s**2 - s - 1. Let o(v) = 5*v**2 + 4*v + 4. Let u(z) = 3*o(z) + 8*y(z). What is u(6)?
-8
Let k(h) be the second derivative of -h**5/20 + h**4/3 - h**3/6 + 2*h**2 + 228*h. Calculate k(4).
0
Let r = 6 - -10. Let x(y) = r - y**3 - 5*y**2 + 14 - 4*y - 34. Give x(-3).
-10
Let c be (1 - 3)*5/10. Let s(w) = 14*w**3 - 16*w**3 - 6379*w + 6381*w + 1. Determine s(c).
1
Let a(j) = -6*j + 59. Let u be (-14)/91 + 435/39. Let p be a(u). Let t(m) = m**2 + 5*m + 2. Give t(p).
16
Let q(l) = -l**3 - 6*l**2 - l. Let v = 3222 - 3226. Determine q(v).
-28
Let q(n) = -7*n**3 + 104*n**2 + 17*n - 27. Let k be q(15). Let a(f) = -2*f**3 + 4*f**2 - 2*f + 3. What is a(k)?
-21
Let r(j) = -j**2 - 4*j - 2. Let d be (-3*2)/(-7 + (-30)/(-5)). Suppose d*u + 8 = 4*u. What is r(u)?
-2
Let p(k) = -2*k**2 + 6*k + 32. Let b be p(6). Let q(d) = -5 - d + 4 - d - 3. Determine q(b).
4
Let g(t) be the third derivative of 3*t**5/20 + t**4/8 + t**3/2 + t**2 - 248. What is g(-1)?
9
Let a = 29 - 21. Suppose -4*v + a = -0. Let q(d) = -d**2 + 3*d**v + 3 - d**2 - 2*d**2 - 6*d. Calculate q(-6).
3
Let r(a) = 2 - 2 - 3 + 0*a**2 + a**2 + 0*a - a. Determine r(5).
17
Let v = 137 + -139. Let y(w) = -3*w**3 - 3*w**2 + 6*w + 1. Let r(u) = -u**3 + u**2 + u. Let l(t) = v*r(t) + y(t). Calculate l(-5).
-19
Let j be 4/10 - 36/(-10). Let w(g) = 60*g**2 + 5*g**3 - 4*g**3 + 60*g**2 - 124*g**2 + 3 + g. Calculate w(j).
7
Let v(u) = 68*u**2 + 5*u + 76. Let r(f) = 53*f**2 + 4*f + 57. Let a(j) = -9*r(j) + 7*v(j). Calculate a(8).
-53
Let g = 95 - 94. Let h(k) = 10 - 3 - 5 - 2*k - 1 - 11*k**2. What is h(g)?
-12
Let f(v) = 5*v**3 - 21*v**2 + 18*v - 5. Let x(z) = 2*z**3 - 7*z**2 + 6*z - 2. Let l(m) = -3*f(m) + 8*x(m). Determine l(-8).
-17
Suppose -9 = -4*r + 11. Let l(n) = 4*n + 37 - 4*n + n - 30. Calculate l(r).
12
Let x be (8/6 + -2)*3. Let j = -15 + 18. Let q(y) = -y**2 + y**2 + 4*y**2 + 4*y + 0*y**2 + j. Give q(x).
11
Suppose 3 = -3*p - 0, 5*y + 4*p - 156 = 0. Suppose 0 = -2*u + 26 - y. Let x(z) = z**2 + 4*z. What is x(u)?
-3
Let q = 767 - 765. Let j(h) = -5*h - 2. Give j(q).
-12
Let p(y) = y**2 + 7*y + 2. Let v(i) = -i**3 + 3*i**2 - 4*i - 2. Let b be v(2). Calculate p(b).
-4
Suppose 3 = a - 1. Let g(v) = -9*v**2 + v**3 - 5*v + 16*v**2 - a*v**2. Suppose 3*l = -5*r + l - 26, 3*r + 18 = -2*l. Calculate g(r).
4
Let l(k) = k. Suppose -2*z = 4*b - 34, 2*b - 5*b - 5*z + 36 = 0. Let t = 9 - b. Calculate l(t).
2
Let j be 1*(6 - 3)*-1. Let q(x) = -x - 5. Let o(s) = -s - 6. Let a be (-99)/27 - 4/(-6). Let k(u) = a*o(u) + 4*q(u). Give k(j).
1
Let t(m) be the first derivative of -1/60*m**5 + 0*m - 5/24*m**4 + 8/3*m**3 - 8 + 0*m**2. Let b(p) be the third derivative of t(p). Calculate b(5).
-15
Let v(o) = -2*o + 4. Let y(l) = -l**2 + 30. Let s(q) = q**2 - 8*q + 7. Let j be s(7). Let a be y(j). Suppose 0*p - a = -5*u + p, 5*u + p = 20. Calculate v(u).
-6
Let c = -1085 + 1082. Let s(u) = -u**2 - u - 2. Calculate s(c).
-8
Suppose b = -5*d + 53, 4 = -3*b - 4*d + 141. Let v(h) = -45 + b + h - 2*h. What is v(-6)?
4
Let v(q) be the third derivative of -q**6/120 - q**5/20 + q**4/24 - q**3/6 - 47*q**2 + q. Let h = 3 - 5. Determine v(h).
-7
Let a(q) = -q**3 - 7*q**2 + 8*q + 2. Let j = -389 + 381. Calculate a(j).
2
Let b = 11 - 11. Let y(z) = 2*z + 1. Let j be y(b). Let s(q) = -9*q**3 - 1. What is s(j)?
-10
Let q(n) = n + 3. Let u(a) = 3*a + 8. Let d(m) = -2*m + 18. Let f be d(15). Let w be -3 - (3 - f/(-4)). Let b(z) = w*u(z) + 8*q(z). Calculate b(-1).
1
Let f be (-3)/15 - 1/10*-62. Let u(s) = 2*s**3 + 9*s**2 - 4*s + 6. Let o(t) = -5*t**3 - 26*t**2 + 12*t - 18. Let x(z) = -3*o(z) - 8*u(z). What is x(f)?
-18
Let n(s) = -s**2 + s + 5. Let x = -34 - -38. Suppose 4 = 4*r - 3*u, -x*r = -u - 12 - 0. Calculate n(r).
-7
Let y(w) = -12*w - 13*w + 28*w - 6*w. Let n be (-2)/(-3)*30/4. What is y(n)?
-15
Let s(t) = 3*t - 2*t - 8 + 0*t. Determine s(14).
6
Let v(o) = 9*o**3 + 2*o - 1. Let f be (-8 - (-264)/32) + (-85)/4. Let q = -20 - f. Calculate v(q).
10
Let d(x) be the second derivative of 1/4*x**4 + 1/20*x**5 + 2*x**2 + 0 - 1/3*x**3 + 3*x. Let z(h) = h. Let p(w) = -d(w) - 2*z(w). What is p(-3)?
-4
Let d be (-2)/(-5) - (-16)/(-40). Let i(o) = 179*o**2 + d*o - 178*o**2 - o. Determine i(3).
6
Let z = -4 - -7. Let u(b) = -4*b**3 + 2*b**2 + 5*b - 6. Let y(j) = -5*j + 8*j + 3*j**3 - j - 7*j - 2*j**2 + 5. Let r(f) = -2*u(f) - 3*y(f). What is r(z)?
3
Let o(y) = -10*y - 6*y + 14*y + 16*y**2 - 1. What is o(-1)?
17
Let u = 472 - 463. Let y(r) = 4*r - 22. Give y(u).
14
Let a = 2467 + -2461. Let x(l) = -l**2 + 8*l + 1. Determine x(a).
13
Let j be 3/((-18)/21)*-2. Let t = 11 - j. Suppose t*b + w = -26, 5*b + 3*w + 9 = -27. Let a(r) = r**2 + 7*r + 3. Give a(b).
-3
Let n be (-1)/4 - (-7)/(-4). Let b(y) be the second derivative of -y**4/12 - y**3/6 + y**2/2 - 10*y - 17. Determine b(n).
-1
Let g(h) be the third derivative of h**5/120 - 5*h**4/24 - 25*h**3/6 + 14*h**2. Let t(q) be the first derivative of g(q). What is t(-4)?
-9
Let d(n) = 5*n**3 - 5*n**2 - 12*n - 4. Let o(b) = 14*b**3 - 16*b**2 - 36*b - 12. Let x(m) = -17*d(m) + 6*o(m). Calculate x(-10).
16
Let a(j) = 9*j**2 + 13 + j**3 + 2*j**3 + j**3 - 5*j**3 - 2*j. Let m be 122/14 + (-12)/(-42). Let l be a(m). Let b(y) = y**3 + 6*y**2 + 6*y - 6. Calculate b(l).
-11
Let q(n) = -n**2 + 5*n. Let a(d) = d**3 - 22*d**2 - 24*d + 28. Let f be a(23). Suppose -4*h + 5*l + 3 = -4, 0 = -2*h - f*l + 11. What is q(h)?
6
Let k be (-4)/(-6) - 5/((-75)/20). Let o(q) = q**k + 6 - q**3 + 6*q**2 + 